{"id":1409,"date":"2026-04-09T08:32:43","date_gmt":"2026-04-09T08:32:43","guid":{"rendered":"https:\/\/www.im-kerngesund.de\/?page_id=1409"},"modified":"2026-04-13T12:54:48","modified_gmt":"2026-04-13T12:54:48","slug":"impuls-workshops","status":"publish","type":"page","link":"https:\/\/www.im-kerngesund.de\/index.php\/impuls-workshops\/","title":{"rendered":"Impuls-Workshops"},"content":{"rendered":"\t\t<div data-elementor-type=\"wp-page\" data-elementor-id=\"1409\" class=\"elementor elementor-1409\" data-elementor-post-type=\"page\">\n\t\t\t\t<div class=\"elementor-element elementor-element-4924a4b e-flex e-con-boxed e-con e-parent\" data-id=\"4924a4b\" data-element_type=\"container\">\n\t\t\t\t\t<div class=\"e-con-inner\">\n\t\t\t\t<div class=\"elementor-element elementor-element-e2bb8b5 elementor-widget elementor-widget-heading\" data-id=\"e2bb8b5\" data-element_type=\"widget\" data-widget_type=\"heading.default\">\n\t\t\t\t<div class=\"elementor-widget-container\">\n\t\t\t<h2 class=\"elementor-heading-title elementor-size-default\">Impuls Workshops<\/h2>\t\t<\/div>\n\t\t\t\t<\/div>\n\t\t\t\t\t<\/div>\n\t\t\t\t<\/div>\n\t\t<div class=\"elementor-element elementor-element-2dcf8b4 e-flex e-con-boxed e-con e-parent\" data-id=\"2dcf8b4\" data-element_type=\"container\">\n\t\t\t\t\t<div class=\"e-con-inner\">\n\t\t\t\t<div class=\"elementor-element elementor-element-af63ba7 elementor-widget elementor-widget-text-editor\" data-id=\"af63ba7\" data-element_type=\"widget\" data-widget_type=\"text-editor.default\">\n\t\t\t\t<div class=\"elementor-widget-container\">\n\t\t\t\t\t\t\t<p><span style=\"font-size: 14px;\">Ihr m\u00f6chtet mehr erfahren und unsere Arbeit besser kennenlernen, dann sind unsere Impuls-Workshops der richtige Einstieg.<br \/>Dauer etwa 30 Minuten. Online. Einstiegs-Impulse zu vier w\u00e4hlbare Schwerpunkte. <br \/><br \/>Die n\u00e4chsten Termine findet ihr hier und auf unseren SocialMedia Kan\u00e4len.\u00a0<\/span><\/p><p><span style=\"font-size: 14px;\">Sie finden unsere Themen interessant und m\u00f6chten sie als Bereicherung f\u00fcr Ihr Netzwerk, Stiftung, Verein oder Firma anbieten? <br \/>Gerne planen wir mit Ihnen einen individuellen Termin und sch\u00e4rfen den Impuls-Workshop f\u00fcr ihre spezifische Zielgruppe.<\/span><span style=\"font-size: 14px;\"><br \/><\/span><\/p>\t\t\t\t\t\t<\/div>\n\t\t\t\t<\/div>\n\t\t\t\t\t<\/div>\n\t\t\t\t<\/div>\n\t\t<div class=\"elementor-element elementor-element-7d91d73 e-flex e-con-boxed e-con e-parent\" data-id=\"7d91d73\" data-element_type=\"container\">\n\t\t\t\t\t<div class=\"e-con-inner\">\n\t\t<div class=\"elementor-element elementor-element-919790e e-con-full e-flex e-con e-child\" data-id=\"919790e\" data-element_type=\"container\">\n\t\t\t\t<\/div>\n\t\t<div class=\"elementor-element elementor-element-560a9d6 e-con-full e-flex e-con e-child\" data-id=\"560a9d6\" data-element_type=\"container\">\n\t\t\t\t<div class=\"elementor-element elementor-element-94eea40 elementor-widget elementor-widget-heading\" data-id=\"94eea40\" data-element_type=\"widget\" data-widget_type=\"heading.default\">\n\t\t\t\t<div class=\"elementor-widget-container\">\n\t\t\t<h2 class=\"elementor-heading-title elementor-size-default\">Womans World<\/h2>\t\t<\/div>\n\t\t\t\t<\/div>\n\t\t\t\t<div class=\"elementor-element elementor-element-f38adc6 elementor-widget elementor-widget-text-editor\" data-id=\"f38adc6\" data-element_type=\"widget\" data-widget_type=\"text-editor.default\">\n\t\t\t\t<div class=\"elementor-widget-container\">\n\t\t\t\t\t\t\t<p><strong>Warum auch kompetente Frauen sich beim Thema Vorsorge und Absicherung unsicher f\u00fchlen.<\/strong><\/p>\t\t\t\t\t\t<\/div>\n\t\t\t\t<\/div>\n\t\t\t\t<div class=\"elementor-element elementor-element-1c660ed elementor-widget elementor-widget-text-editor\" data-id=\"1c660ed\" data-element_type=\"widget\" data-widget_type=\"text-editor.default\">\n\t\t\t\t<div class=\"elementor-widget-container\">\n\t\t\t\t\t\t\t<p>Vorsorge und Absicherung ist f\u00fcr viele Frauen kein reines Sachthema.<br \/>Historische Entwicklungen, Rollenbilder und gesellschaftliche Erwartungen wirken bis heute nach &#8211; h\u00e4ufig unbewusst.<\/p><p>Der Workshop Absicherung &amp; Frauen macht diese Zusammenh\u00e4nge sichtbar, schafft Orientierung f\u00fcr einen bewussteren Umgang mit Absicherungen und gibr erste Anregungen f\u00fcr mehr Handlungsf\u00e4hig\u00a0 an.<\/p>\t\t\t\t\t\t<\/div>\n\t\t\t\t<\/div>\n\t\t\t\t<\/div>\n\t\t<div class=\"elementor-element elementor-element-9148e58 e-con-full e-flex e-con e-child\" data-id=\"9148e58\" data-element_type=\"container\">\n\t\t\t\t<\/div>\n\t\t\t\t\t<\/div>\n\t\t\t\t<\/div>\n\t\t<div class=\"elementor-element elementor-element-074800e e-flex e-con-boxed e-con e-parent\" data-id=\"074800e\" data-element_type=\"container\">\n\t\t\t\t\t<div class=\"e-con-inner\">\n\t\t<div class=\"elementor-element elementor-element-06045f2 e-con-full e-flex e-con e-child\" data-id=\"06045f2\" data-element_type=\"container\">\n\t\t\t\t<\/div>\n\t\t<div class=\"elementor-element elementor-element-9f00f93 e-con-full e-flex e-con e-child\" data-id=\"9f00f93\" data-element_type=\"container\">\n\t\t\t\t<div class=\"elementor-element elementor-element-323748b elementor-widget elementor-widget-heading\" data-id=\"323748b\" data-element_type=\"widget\" data-widget_type=\"heading.default\">\n\t\t\t\t<div class=\"elementor-widget-container\">\n\t\t\t<h2 class=\"elementor-heading-title elementor-size-default\">Gelernt ist gelernt!<\/h2>\t\t<\/div>\n\t\t\t\t<\/div>\n\t\t\t\t<div class=\"elementor-element elementor-element-1f64aef elementor-widget elementor-widget-text-editor\" data-id=\"1f64aef\" data-element_type=\"widget\" data-widget_type=\"text-editor.default\">\n\t\t\t\t<div class=\"elementor-widget-container\">\n\t\t\t\t\t\t\t<p><strong>Wie Absicherung die Gesellschaft spiegelt und was ihr dagegen tun k\u00f6nnt.\u00a0<\/strong><\/p>\t\t\t\t\t\t<\/div>\n\t\t\t\t<\/div>\n\t\t\t\t<div class=\"elementor-element elementor-element-955b766 elementor-widget elementor-widget-text-editor\" data-id=\"955b766\" data-element_type=\"widget\" data-widget_type=\"text-editor.default\">\n\t\t\t\t<div class=\"elementor-widget-container\">\n\t\t\t\t\t\t\t<p>Unser Umgang mit Absicherung wird entscheidend durch Erfahrungen, Herkunft, Familie und gesellschaftliche Rahmenbedingungen gepr\u00e4gt. Diese bestimmen aber nicht nur unbewusst unsere eigenen Entscheidungen, sondern auch die Art und Weise der Beratung, die wir erhalten.\u00a0<\/p><p>Dieser Workshop schafft Raum, Einfl\u00fcsse sichtbar zu machen und neue Perspektiven zu entwickeln- um unabh\u00e4ngig Handlungsf\u00e4hig zu werden.\u00a0\u00a0<\/p>\t\t\t\t\t\t<\/div>\n\t\t\t\t<\/div>\n\t\t\t\t<\/div>\n\t\t<div class=\"elementor-element elementor-element-1649aaf e-con-full e-flex e-con e-child\" data-id=\"1649aaf\" data-element_type=\"container\">\n\t\t\t\t<\/div>\n\t\t\t\t\t<\/div>\n\t\t\t\t<\/div>\n\t\t<div class=\"elementor-element elementor-element-918eeac e-flex e-con-boxed e-con e-parent\" data-id=\"918eeac\" data-element_type=\"container\">\n\t\t\t\t\t<div class=\"e-con-inner\">\n\t\t<div class=\"elementor-element elementor-element-40d676b e-con-full e-flex e-con e-child\" data-id=\"40d676b\" data-element_type=\"container\">\n\t\t\t\t<\/div>\n\t\t<div class=\"elementor-element elementor-element-7b82005 e-con-full e-flex e-con e-child\" data-id=\"7b82005\" data-element_type=\"container\">\n\t\t\t\t<div class=\"elementor-element elementor-element-1b71c99 elementor-widget elementor-widget-heading\" data-id=\"1b71c99\" data-element_type=\"widget\" data-widget_type=\"heading.default\">\n\t\t\t\t<div class=\"elementor-widget-container\">\n\t\t\t<h2 class=\"elementor-heading-title elementor-size-default\">Kind und Kegel <\/h2>\t\t<\/div>\n\t\t\t\t<\/div>\n\t\t\t\t<div class=\"elementor-element elementor-element-5b68b71 elementor-widget elementor-widget-text-editor\" data-id=\"5b68b71\" data-element_type=\"widget\" data-widget_type=\"text-editor.default\">\n\t\t\t\t<div class=\"elementor-widget-container\">\n\t\t\t\t\t\t\t<p><strong>Absicherung- how to do?! <br \/>Zwischen Spielplatz, Essen kochen und Scharlachverdacht.<\/strong><\/p>\t\t\t\t\t\t<\/div>\n\t\t\t\t<\/div>\n\t\t\t\t<div class=\"elementor-element elementor-element-f8f9f55 elementor-widget elementor-widget-text-editor\" data-id=\"f8f9f55\" data-element_type=\"widget\" data-widget_type=\"text-editor.default\">\n\t\t\t\t<div class=\"elementor-widget-container\">\n\t\t\t\t\t\t\t<p>Mit Kindern verschieben sich Priorit\u00e4ten und Sichtweisen. <br \/>Verantwortungen m\u00fcssen verteilt werden, Abh\u00e4ngigkeiten entstehen- und Entscheidungen betreffen nicht mehr nur die eigene Person.<\/p><p>Dieser Workshop beleuchtet, wie Absicherung in unterschiedlichen Familienkonstellationen wirkt und warum sie mit Kindern eine Bedeutung bekommt.\u00a0<\/p>\t\t\t\t\t\t<\/div>\n\t\t\t\t<\/div>\n\t\t\t\t<\/div>\n\t\t<div class=\"elementor-element elementor-element-af0e6d1 e-con-full e-flex e-con e-child\" data-id=\"af0e6d1\" data-element_type=\"container\">\n\t\t\t\t<\/div>\n\t\t\t\t\t<\/div>\n\t\t\t\t<\/div>\n\t\t<div class=\"elementor-element elementor-element-f7eda50 e-flex e-con-boxed e-con e-parent\" data-id=\"f7eda50\" data-element_type=\"container\">\n\t\t\t\t\t<div class=\"e-con-inner\">\n\t\t<div class=\"elementor-element elementor-element-058640a e-con-full e-flex e-con e-child\" data-id=\"058640a\" data-element_type=\"container\">\n\t\t\t\t<\/div>\n\t\t<div class=\"elementor-element elementor-element-7a2e58d e-con-full e-flex e-con e-child\" data-id=\"7a2e58d\" data-element_type=\"container\">\n\t\t\t\t<div class=\"elementor-element elementor-element-d92d0f6 elementor-widget elementor-widget-heading\" data-id=\"d92d0f6\" data-element_type=\"widget\" data-widget_type=\"heading.default\">\n\t\t\t\t<div class=\"elementor-widget-container\">\n\t\t\t<h2 class=\"elementor-heading-title elementor-size-default\">Sicher? Sp\u00e4ter!<\/h2>\t\t<\/div>\n\t\t\t\t<\/div>\n\t\t\t\t<div class=\"elementor-element elementor-element-91a9044 elementor-widget elementor-widget-text-editor\" data-id=\"91a9044\" data-element_type=\"widget\" data-widget_type=\"text-editor.default\">\n\t\t\t\t<div class=\"elementor-widget-container\">\n\t\t\t\t\t\t\t<p><strong>Warum der Versicherungsordner immer ganz hinten im Regal steht-\u00a0<br \/>aber das auch keine L\u00f6sung ist.\u00a0\u00a0<br \/><\/strong><\/p>\t\t\t\t\t\t<\/div>\n\t\t\t\t<\/div>\n\t\t\t\t<div class=\"elementor-element elementor-element-97a71e4 elementor-widget elementor-widget-text-editor\" data-id=\"97a71e4\" data-element_type=\"widget\" data-widget_type=\"text-editor.default\">\n\t\t\t\t<div class=\"elementor-widget-container\">\n\t\t\t\t\t\t\t<p>Viele Menschen wissen, dass Absicherung und Vorsorge wichtig sind- und schieben das Thema trotzdem auf. Meist nicht aus Desinteresse, sondern wegen tiefliegenden \u00dcberzeugungen, schlechte Erfahrungen, Unsicherheiten oder fehlender Einordnung.<\/p><p>Dieser Workshop hilft Muster zu verstehen und unabh\u00e4ngig davon Handlungsf\u00e4higkeit zu entwickeln.\u00a0<\/p>\t\t\t\t\t\t<\/div>\n\t\t\t\t<\/div>\n\t\t\t\t<\/div>\n\t\t<div class=\"elementor-element elementor-element-f95a7ad e-con-full e-flex e-con e-child\" data-id=\"f95a7ad\" data-element_type=\"container\">\n\t\t\t\t<\/div>\n\t\t\t\t\t<\/div>\n\t\t\t\t<\/div>\n\t\t\t\t<\/div>\n\t\t","protected":false},"excerpt":{"rendered":"<p>Impuls Workshops Ihr m\u00f6chtet mehr erfahren und unsere Arbeit besser kennenlernen, dann sind unsere Impuls-Workshops der richtige Einstieg.Dauer etwa 30 Minuten. Online. Einstiegs-Impulse zu vier w\u00e4hlbare Schwerpunkte. Die n\u00e4chsten Termine findet ihr hier und auf unseren SocialMedia Kan\u00e4len.\u00a0 Sie finden unsere Themen interessant und m\u00f6chten sie als Bereicherung f\u00fcr Ihr Netzwerk, Stiftung, Verein oder Firma [&hellip;]<\/p>\n","protected":false},"author":1,"featured_media":0,"parent":0,"menu_order":0,"comment_status":"closed","ping_status":"closed","template":"","meta":{"footnotes":""},"class_list":["post-1409","page","type-page","status-publish","hentry","entry","owp-thumbs-layout-horizontal","owp-btn-normal","owp-tabs-layout-horizontal","has-no-thumbnails","has-product-nav"],"jetpack_sharing_enabled":true,"_links":{"self":[{"href":"https:\/\/www.im-kerngesund.de\/index.php\/wp-json\/wp\/v2\/pages\/1409","targetHints":{"allow":["GET"]}}],"collection":[{"href":"https:\/\/www.im-kerngesund.de\/index.php\/wp-json\/wp\/v2\/pages"}],"about":[{"href":"https:\/\/www.im-kerngesund.de\/index.php\/wp-json\/wp\/v2\/types\/page"}],"author":[{"embeddable":true,"href":"https:\/\/www.im-kerngesund.de\/index.php\/wp-json\/wp\/v2\/users\/1"}],"replies":[{"embeddable":true,"href":"https:\/\/www.im-kerngesund.de\/index.php\/wp-json\/wp\/v2\/comments?post=1409"}],"version-history":[{"count":50,"href":"https:\/\/www.im-kerngesund.de\/index.php\/wp-json\/wp\/v2\/pages\/1409\/revisions"}],"predecessor-version":[{"id":1469,"href":"https:\/\/www.im-kerngesund.de\/index.php\/wp-json\/wp\/v2\/pages\/1409\/revisions\/1469"}],"wp:attachment":[{"href":"https:\/\/www.im-kerngesund.de\/index.php\/wp-json\/wp\/v2\/media?parent=1409"}],"curies":[{"name":"wp","href":"https:\/\/api.w.org\/{rel}","templated":true}]}}