{"id":1302,"date":"2026-03-02T11:59:27","date_gmt":"2026-03-02T11:59:27","guid":{"rendered":"https:\/\/www.im-kerngesund.de\/?page_id=1302"},"modified":"2026-03-31T19:11:25","modified_gmt":"2026-03-31T19:11:25","slug":"vita-ratio","status":"publish","type":"page","link":"https:\/\/www.im-kerngesund.de\/index.php\/vita-ratio\/","title":{"rendered":"Vita &#038; Ratio"},"content":{"rendered":"\t\t<div data-elementor-type=\"wp-page\" data-elementor-id=\"1302\" class=\"elementor elementor-1302\" data-elementor-post-type=\"page\">\n\t\t\t\t<div class=\"elementor-element elementor-element-0a933e0 e-flex e-con-boxed e-con e-parent\" data-id=\"0a933e0\" data-element_type=\"container\">\n\t\t\t\t\t<div class=\"e-con-inner\">\n\t\t\t\t<div class=\"elementor-element elementor-element-dc223e5 elementor-widget elementor-widget-heading\" data-id=\"dc223e5\" data-element_type=\"widget\" data-widget_type=\"heading.default\">\n\t\t\t\t<div class=\"elementor-widget-container\">\n\t\t\t<h2 class=\"elementor-heading-title elementor-size-default\">Vita <\/h2>\t\t<\/div>\n\t\t\t\t<\/div>\n\t\t\t\t\t<\/div>\n\t\t\t\t<\/div>\n\t\t<div class=\"elementor-element elementor-element-133e87d e-flex e-con-boxed e-con e-parent\" data-id=\"133e87d\" data-element_type=\"container\">\n\t\t\t\t\t<div class=\"e-con-inner\">\n\t\t\t\t<div class=\"elementor-element elementor-element-e5d9bd9 elementor-widget elementor-widget-text-editor\" data-id=\"e5d9bd9\" data-element_type=\"widget\" data-widget_type=\"text-editor.default\">\n\t\t\t\t<div class=\"elementor-widget-container\">\n\t\t\t\t\t\t\t<p>Im KernGesund wurde von Akua Reimer und Miriam Kleist gegr\u00fcndet \u2013 zwei Frauen mit unterschiedlichen beruflichen Wegen, einer gemeinsamen Generation und einer klaren Haltung.<\/p><p>Beide kommen aus der Praxis, aus Beratung, Bildung und unternehmerischer Verantwortung. In ihrer Arbeit und ihrer eigenen Lebensrealit\u00e4t erleben sie, wie stark Absicherung, finanzielle Entscheidungen und Rollenbilder famili\u00e4re Strukturen pr\u00e4gen \u2013 oft lange, bevor dar\u00fcber bewusst gesprochen wird.<\/p><p><span style=\"font-size: 11.0pt; font-family: Roboto;\">Sie kennen die Spannungsfelder, die entstehen, wenn Verantwortung in unterschiedlichen Bereichen zusammenkommt \u2013 zwischen Beruf, Familie und eigenen Entscheidungen.<\/span><\/p><p>Was sie verbindet, ist die \u00dcberzeugung, dass Wissen Orientierung schaffen sollte:\u00a0 Zug\u00e4nglich f\u00fcr alle.\u00a0 Unabh\u00e4ngig von Lebensrealit\u00e4ten oder Rollenbildern und wirksam auch f\u00fcr die n\u00e4chste Generation.<\/p><p>Im Mittelpunkt stehen dabei die St\u00e4rkung von Familien, die F\u00f6rderung von Gleichberechtigung und die Weitergabe von Bildung \u2013 insbesondere an Kinder.<\/p>\t\t\t\t\t\t<\/div>\n\t\t\t\t<\/div>\n\t\t\t\t\t<\/div>\n\t\t\t\t<\/div>\n\t\t<div class=\"elementor-element elementor-element-1bc1991 e-flex e-con-boxed e-con e-parent\" data-id=\"1bc1991\" data-element_type=\"container\">\n\t\t\t\t\t<div class=\"e-con-inner\">\n\t\t<div class=\"elementor-element elementor-element-4d23e5b e-con-full e-flex e-con e-child\" data-id=\"4d23e5b\" data-element_type=\"container\">\n\t\t\t\t<div class=\"elementor-element elementor-element-ac990c0 elementor-widget elementor-widget-image\" data-id=\"ac990c0\" data-element_type=\"widget\" data-widget_type=\"image.default\">\n\t\t\t\t<div class=\"elementor-widget-container\">\n\t\t\t\t\t\t\t\t\t\t\t\t\t<img fetchpriority=\"high\" decoding=\"async\" width=\"198\" height=\"300\" src=\"https:\/\/www.im-kerngesund.de\/wp-content\/uploads\/2026\/03\/Akua-Reimer-2-1-198x300.png\" class=\"attachment-medium size-medium wp-image-1377\" alt=\"\" srcset=\"https:\/\/www.im-kerngesund.de\/wp-content\/uploads\/2026\/03\/Akua-Reimer-2-1-198x300.png 198w, https:\/\/www.im-kerngesund.de\/wp-content\/uploads\/2026\/03\/Akua-Reimer-2-1.png 421w\" sizes=\"(max-width: 198px) 100vw, 198px\" \/>\t\t\t\t\t\t\t\t\t\t\t\t\t<\/div>\n\t\t\t\t<\/div>\n\t\t\t\t<div class=\"elementor-element elementor-element-6dc4933 elementor-widget elementor-widget-text-editor\" data-id=\"6dc4933\" data-element_type=\"widget\" data-widget_type=\"text-editor.default\">\n\t\t\t\t<div class=\"elementor-widget-container\">\n\t\t\t\t\t\t\t<p style=\"text-align: center;\"><strong>Akua Reimer<\/strong><br \/>Unternehmerin, Versicherungskauffrau, Mutter\u00a0<\/p><p style=\"text-align: center;\">Ihre Perspektive ist gepr\u00e4gt von unternehmerischer Verantwortung, diasporischen Erfahrungen und der Auseinandersetzung mit unterschiedlichen gesellschaftlichen und kulturellen Kontexten. <br \/>Sie verbindet dies mit der Frage, wie Absicherung Orientierung geben kann \u2013 \u00fcber Generationen hinweg.<\/p>\t\t\t\t\t\t<\/div>\n\t\t\t\t<\/div>\n\t\t\t\t<\/div>\n\t\t<div class=\"elementor-element elementor-element-bf7af38 e-con-full e-flex e-con e-child\" data-id=\"bf7af38\" data-element_type=\"container\">\n\t\t\t\t<div class=\"elementor-element elementor-element-2875e6c elementor-widget elementor-widget-image\" data-id=\"2875e6c\" data-element_type=\"widget\" data-widget_type=\"image.default\">\n\t\t\t\t<div class=\"elementor-widget-container\">\n\t\t\t\t\t\t\t\t\t\t\t\t\t<img decoding=\"async\" width=\"198\" height=\"300\" src=\"https:\/\/www.im-kerngesund.de\/wp-content\/uploads\/2026\/03\/Miriam-Kleist-1-1-198x300.png\" class=\"attachment-medium size-medium wp-image-1378\" alt=\"\" srcset=\"https:\/\/www.im-kerngesund.de\/wp-content\/uploads\/2026\/03\/Miriam-Kleist-1-1-198x300.png 198w, https:\/\/www.im-kerngesund.de\/wp-content\/uploads\/2026\/03\/Miriam-Kleist-1-1.png 421w\" sizes=\"(max-width: 198px) 100vw, 198px\" \/>\t\t\t\t\t\t\t\t\t\t\t\t\t<\/div>\n\t\t\t\t<\/div>\n\t\t\t\t<div class=\"elementor-element elementor-element-c6e7735 elementor-widget elementor-widget-text-editor\" data-id=\"c6e7735\" data-element_type=\"widget\" data-widget_type=\"text-editor.default\">\n\t\t\t\t<div class=\"elementor-widget-container\">\n\t\t\t\t\t\t\t<p style=\"text-align: center;\"><strong>Miriam Kleist<br \/><\/strong>Psych. Beraterin, Automobilkauffrau, Mutter<\/p><p style=\"text-align: center;\">Ihre Perspektive ist gepr\u00e4gt vom Verst\u00e4ndnis unterschiedlichster Lebensrealit\u00e4ten und dem daraus resultierendem individuellen Erleben. Sie verbindet wirtschaftliche Praxis mit psychologischer Weiterbildung und bringt eine besondere Sensibilit\u00e4t f\u00fcr innere Entscheidungsprozesse und famili\u00e4re Dynamiken mit.<\/p>\t\t\t\t\t\t<\/div>\n\t\t\t\t<\/div>\n\t\t\t\t<\/div>\n\t\t\t\t\t<\/div>\n\t\t\t\t<\/div>\n\t\t<div class=\"elementor-element elementor-element-472f604 e-flex e-con-boxed e-con e-parent\" data-id=\"472f604\" data-element_type=\"container\">\n\t\t\t\t\t<div class=\"e-con-inner\">\n\t\t\t\t<div class=\"elementor-element elementor-element-6912378 elementor-widget elementor-widget-heading\" data-id=\"6912378\" data-element_type=\"widget\" data-widget_type=\"heading.default\">\n\t\t\t\t<div class=\"elementor-widget-container\">\n\t\t\t<h2 class=\"elementor-heading-title elementor-size-default\">Ratio <\/h2>\t\t<\/div>\n\t\t\t\t<\/div>\n\t\t\t\t<div class=\"elementor-element elementor-element-7eaae94 elementor-widget elementor-widget-text-editor\" data-id=\"7eaae94\" data-element_type=\"widget\" data-widget_type=\"text-editor.default\">\n\t\t\t\t<div class=\"elementor-widget-container\">\n\t\t\t\t\t\t\t<p><strong>&#8222;Absicherung ist f\u00fcr uns kein technisches Thema und keine reine Produktfrage.&#8220;<\/strong><\/p><p>Sie ist Teil von Biografien, sozialen und famili\u00e4ren Zusammenh\u00e4ngen,\u00a0 gesellschaftlichen Rahmenbedingungen \u2013 und wirkt oft dort am st\u00e4rksten, wo sie nicht bewusst reflektiert wird.<\/p><p>Wir glauben, dass nachhaltige Absicherung dort beginnt, wo Menschen Orientierung gewinnen:<br \/>\u00dcber Zusammenh\u00e4nge, \u00fcber eigene Pr\u00e4gungen und \u00fcber die Verantwortung, die mit Entscheidungen einhergeht \u2013 f\u00fcr sich selbst, f\u00fcr nahe Beziehungen und f\u00fcr die n\u00e4chste Generation.<\/p><p>Unsere Arbeit folgt dabei drei zentralen \u00dcberzeugungen:<\/p><ul><li>Bildung schafft Selbstbestimmung.<br \/>Wissen soll einordnen, nicht \u00fcberfordern \u2013 und unabh\u00e4ngig vom Einkommen und bisherigen Zugang erreichbar sein.<\/li><li>Tragf\u00e4hige Strukturen entstehen im Zusammenhang.Absicherung wirkt nicht isoliert, sondern immer im sozialen Kontext \u2013 besonders dann, wenn Verantwortung f\u00fcr andere \u00fcbernommen wird.<\/li><li>Gleichberechtigung braucht Orientierung.<br \/>Die St\u00e4rkung von Frauen und Menschen mit unterschiedlichen Ausgangsbedingungen bedeutet auch, strukturelle Unsicherheiten sichtbar zu machen und R\u00e4ume f\u00fcr bewusste Entscheidungen zu schaffen.<\/li><\/ul><p>Im KernGesund ist aus dieser Haltung entstanden: <br \/>Als Bildungsraum, der Reflexion erm\u00f6glicht, Orientierung gibt und Menschen bef\u00e4higt, ihren eigenen Umgang mit Absicherung bewusst zu gestalten.<\/p>\t\t\t\t\t\t<\/div>\n\t\t\t\t<\/div>\n\t\t\t\t\t<\/div>\n\t\t\t\t<\/div>\n\t\t\t\t<\/div>\n\t\t","protected":false},"excerpt":{"rendered":"<p>Vita Im KernGesund wurde von Akua Reimer und Miriam Kleist gegr\u00fcndet \u2013 zwei Frauen mit unterschiedlichen beruflichen Wegen, einer gemeinsamen Generation und einer klaren Haltung. Beide kommen aus der Praxis, aus Beratung, Bildung und unternehmerischer Verantwortung. In ihrer Arbeit und ihrer eigenen Lebensrealit\u00e4t erleben sie, wie stark Absicherung, finanzielle Entscheidungen und Rollenbilder famili\u00e4re Strukturen pr\u00e4gen [&hellip;]<\/p>\n","protected":false},"author":1,"featured_media":0,"parent":0,"menu_order":0,"comment_status":"closed","ping_status":"closed","template":"","meta":{"rank_math_lock_modified_date":false,"footnotes":""},"class_list":["post-1302","page","type-page","status-publish","hentry","entry"],"_links":{"self":[{"href":"https:\/\/www.im-kerngesund.de\/index.php\/wp-json\/wp\/v2\/pages\/1302","targetHints":{"allow":["GET"]}}],"collection":[{"href":"https:\/\/www.im-kerngesund.de\/index.php\/wp-json\/wp\/v2\/pages"}],"about":[{"href":"https:\/\/www.im-kerngesund.de\/index.php\/wp-json\/wp\/v2\/types\/page"}],"author":[{"embeddable":true,"href":"https:\/\/www.im-kerngesund.de\/index.php\/wp-json\/wp\/v2\/users\/1"}],"replies":[{"embeddable":true,"href":"https:\/\/www.im-kerngesund.de\/index.php\/wp-json\/wp\/v2\/comments?post=1302"}],"version-history":[{"count":71,"href":"https:\/\/www.im-kerngesund.de\/index.php\/wp-json\/wp\/v2\/pages\/1302\/revisions"}],"predecessor-version":[{"id":1407,"href":"https:\/\/www.im-kerngesund.de\/index.php\/wp-json\/wp\/v2\/pages\/1302\/revisions\/1407"}],"wp:attachment":[{"href":"https:\/\/www.im-kerngesund.de\/index.php\/wp-json\/wp\/v2\/media?parent=1302"}],"curies":[{"name":"wp","href":"https:\/\/api.w.org\/{rel}","templated":true}]}}