{"id":1219,"date":"2026-02-27T10:19:53","date_gmt":"2026-02-27T10:19:53","guid":{"rendered":"https:\/\/www.im-kerngesund.de\/?page_id=1219"},"modified":"2026-03-31T18:46:50","modified_gmt":"2026-03-31T18:46:50","slug":"workshops","status":"publish","type":"page","link":"https:\/\/www.im-kerngesund.de\/index.php\/workshops\/","title":{"rendered":"Workshops"},"content":{"rendered":"\t\t<div data-elementor-type=\"wp-page\" data-elementor-id=\"1219\" class=\"elementor elementor-1219\" data-elementor-post-type=\"page\">\n\t\t\t\t<div class=\"elementor-element elementor-element-78a499c e-flex e-con-boxed e-con e-parent\" data-id=\"78a499c\" data-element_type=\"container\">\n\t\t\t\t\t<div class=\"e-con-inner\">\n\t\t\t\t<div class=\"elementor-element elementor-element-0103c0f elementor-widget elementor-widget-heading\" data-id=\"0103c0f\" data-element_type=\"widget\" data-widget_type=\"heading.default\">\n\t\t\t\t<div class=\"elementor-widget-container\">\n\t\t\t<h2 class=\"elementor-heading-title elementor-size-default\">Workshops<\/h2>\t\t<\/div>\n\t\t\t\t<\/div>\n\t\t\t\t<div class=\"elementor-element elementor-element-487a618 elementor-widget-divider--view-line elementor-widget elementor-widget-divider\" data-id=\"487a618\" data-element_type=\"widget\" data-widget_type=\"divider.default\">\n\t\t\t\t<div class=\"elementor-widget-container\">\n\t\t\t\t\t<div class=\"elementor-divider\">\n\t\t\t<span class=\"elementor-divider-separator\">\n\t\t\t\t\t\t<\/span>\n\t\t<\/div>\n\t\t\t\t<\/div>\n\t\t\t\t<\/div>\n\t\t\t\t\t<\/div>\n\t\t\t\t<\/div>\n\t\t<div class=\"elementor-element elementor-element-bd60e47 e-flex e-con-boxed e-con e-parent\" data-id=\"bd60e47\" data-element_type=\"container\">\n\t\t\t\t\t<div class=\"e-con-inner\">\n\t\t\t\t<div class=\"elementor-element elementor-element-65fa0ff elementor-widget elementor-widget-heading\" data-id=\"65fa0ff\" data-element_type=\"widget\" data-widget_type=\"heading.default\">\n\t\t\t\t<div class=\"elementor-widget-container\">\n\t\t\t<p class=\"elementor-heading-title elementor-size-default\">Absicherung ist nicht nur ein Produkt - sondern ein Prozess.\u00a0<\/p>\t\t<\/div>\n\t\t\t\t<\/div>\n\t\t\t\t<div class=\"elementor-element elementor-element-7a4b0c7 elementor-widget elementor-widget-text-editor\" data-id=\"7a4b0c7\" data-element_type=\"widget\" data-widget_type=\"text-editor.default\">\n\t\t\t\t<div class=\"elementor-widget-container\">\n\t\t\t\t\t\t\t<p>Unsere Workshops setzen dort an, wo Absicherung unbewusst wirkt: bei Haltung, Pr\u00e4gung und inneren Entscheidungsprozessen.\u00a0<\/p><p>Wir machen mit euch Glaubens\u00e4tze sichtbar, ordnen Auswirkungen ein und schaffen Orientierung f\u00fcr einen bewussteren Umgang mit Absicherung- individuell, famili\u00e4r und im beruflichen Kontext.\u00a0<\/p><p>Unternehmen, Netzwerke und Organisationen profitieren von mehr Orientierung, Eigenverantwortung und Handlungssicherheit bei Mitarbeitenden- insbesondere bei Mitarbeiterinnen un Menschen mit unterschiedlichen Ausgangsbedingungen- und schaffen damit eine nachhaltige Grundlage f\u00fcr moderne Benefits, F\u00fchrung und Pr\u00e4vention.<\/p>\t\t\t\t\t\t<\/div>\n\t\t\t\t<\/div>\n\t\t\t\t<div class=\"elementor-element elementor-element-6460d87 elementor-widget elementor-widget-text-editor\" data-id=\"6460d87\" data-element_type=\"widget\" data-widget_type=\"text-editor.default\">\n\t\t\t\t<div class=\"elementor-widget-container\">\n\t\t\t\t\t\t\t<p><strong>F\u00fcr Organisationen &amp; Unternehmen<\/strong><br \/>St\u00e4rkung von Orientierung, Eigenverantwortung und Handlungssicherheit bei Mitarbeitenden- als Grundage f\u00fcr moderne nachhaltige Benefits.\u00a0<\/p>\t\t\t\t\t\t<\/div>\n\t\t\t\t<\/div>\n\t\t\t\t<div class=\"elementor-element elementor-element-9bd1ff8 elementor-widget elementor-widget-text-editor\" data-id=\"9bd1ff8\" data-element_type=\"widget\" data-widget_type=\"text-editor.default\">\n\t\t\t\t<div class=\"elementor-widget-container\">\n\t\t\t\t\t\t\t<p><strong>F\u00fcr Einzelpersonen<\/strong><br \/>Klarheit, Einordnung und ein selbstbestimmter Umgang mit Absicherungen im privaten und famili\u00e4ren Kontext<\/p>\t\t\t\t\t\t<\/div>\n\t\t\t\t<\/div>\n\t\t\t\t\t<\/div>\n\t\t\t\t<\/div>\n\t\t<div class=\"elementor-element elementor-element-71315ac e-flex e-con-boxed e-con e-parent\" data-id=\"71315ac\" data-element_type=\"container\">\n\t\t\t\t\t<div class=\"e-con-inner\">\n\t\t<div class=\"elementor-element elementor-element-9d2a153 e-con-full e-flex e-con e-child\" data-id=\"9d2a153\" data-element_type=\"container\">\n\t\t\t\t<div class=\"elementor-element elementor-element-33d7d18 elementor-widget elementor-widget-heading\" data-id=\"33d7d18\" data-element_type=\"widget\" data-widget_type=\"heading.default\">\n\t\t\t\t<div class=\"elementor-widget-container\">\n\t\t\t<h3 class=\"elementor-heading-title elementor-size-default\">Impuls-Workshops<\/h3>\t\t<\/div>\n\t\t\t\t<\/div>\n\t\t\t\t<div class=\"elementor-element elementor-element-082c912 elementor-widget elementor-widget-text-editor\" data-id=\"082c912\" data-element_type=\"widget\" data-widget_type=\"text-editor.default\">\n\t\t\t\t<div class=\"elementor-widget-container\">\n\t\t\t\t\t\t\t<p>Kurz &amp; fokussiert<\/p><p>Unsere Impuls-Workshops bieten einen niedrigschwelligen Einstieg in das Thema Absicherung. Sie machen Zusammenh\u00e4nge sichtbar, regen zur Reflektion an und setzen erste Denkprozesse in Gang.<\/p><p>Geeignet f\u00fcr:\u00a0<br \/>Netzwerke, Communities, thematische Einstiegsevents, offene Onlineformate<\/p>\t\t\t\t\t\t<\/div>\n\t\t\t\t<\/div>\n\t\t\t\t<\/div>\n\t\t<div class=\"elementor-element elementor-element-947c55b e-con-full e-flex e-con e-child\" data-id=\"947c55b\" data-element_type=\"container\">\n\t\t\t\t<div class=\"elementor-element elementor-element-f992b9d elementor-widget elementor-widget-heading\" data-id=\"f992b9d\" data-element_type=\"widget\" data-widget_type=\"heading.default\">\n\t\t\t\t<div class=\"elementor-widget-container\">\n\t\t\t<h3 class=\"elementor-heading-title elementor-size-default\">Orientierungs- Workshops<\/h3>\t\t<\/div>\n\t\t\t\t<\/div>\n\t\t\t\t<div class=\"elementor-element elementor-element-cb31de3 elementor-widget elementor-widget-text-editor\" data-id=\"cb31de3\" data-element_type=\"widget\" data-widget_type=\"text-editor.default\">\n\t\t\t\t<div class=\"elementor-widget-container\">\n\t\t\t\t\t\t\t<p>Passgenau &amp; Kontextbezogen<\/p><p>Diese Workshops werden auf Zielgruppen, Organisationen und Fragestellungen abgestimmt. Inhalte, Tiefe und Fokus orientieren sich an den konrekten Bed\u00fcrfnissen und Ausgangssituationen der Teilnehmenden.<\/p><p>Geeignet f\u00fcr:<br \/>Unternehmen, Vereine, Netzwerke, interne Weiterbildungsformate<\/p>\t\t\t\t\t\t<\/div>\n\t\t\t\t<\/div>\n\t\t\t\t<\/div>\n\t\t<div class=\"elementor-element elementor-element-95888ee e-con-full e-flex e-con e-child\" data-id=\"95888ee\" data-element_type=\"container\">\n\t\t\t\t<div class=\"elementor-element elementor-element-9112f7e elementor-widget elementor-widget-heading\" data-id=\"9112f7e\" data-element_type=\"widget\" data-widget_type=\"heading.default\">\n\t\t\t\t<div class=\"elementor-widget-container\">\n\t\t\t<h3 class=\"elementor-heading-title elementor-size-default\">Seminare vor Ort<\/h3>\t\t<\/div>\n\t\t\t\t<\/div>\n\t\t\t\t<div class=\"elementor-element elementor-element-392be42 elementor-widget elementor-widget-text-editor\" data-id=\"392be42\" data-element_type=\"widget\" data-widget_type=\"text-editor.default\">\n\t\t\t\t<div class=\"elementor-widget-container\">\n\t\t\t\t\t\t\t<p>Vertiefend &amp; im direkten Austausch<\/p><p>Unsere Pr\u00e4senzseminare bieten Raum f\u00fcr intensive Auseinandersetzung, gemeinsame Reflexion und pers\u00f6nliche Entwicklung- ausgehend von unterschiedlichen Perspektiven und Erfahrungen, in einem gesch\u00fctzten Raum.<\/p><p>Geeignet f\u00fcr:<br \/>Organisationen, Weiterbildungstage, Team-Formate<\/p>\t\t\t\t\t\t<\/div>\n\t\t\t\t<\/div>\n\t\t\t\t<\/div>\n\t\t<div class=\"elementor-element elementor-element-bbe31ae e-con-full e-flex e-con e-child\" data-id=\"bbe31ae\" data-element_type=\"container\">\n\t\t\t\t<div class=\"elementor-element elementor-element-6706c2e elementor-widget elementor-widget-heading\" data-id=\"6706c2e\" data-element_type=\"widget\" data-widget_type=\"heading.default\">\n\t\t\t\t<div class=\"elementor-widget-container\">\n\t\t\t<h2 class=\"elementor-heading-title elementor-size-default\">Begleitendes Coaching<\/h2>\t\t<\/div>\n\t\t\t\t<\/div>\n\t\t\t\t<div class=\"elementor-element elementor-element-3e8ecd7 elementor-widget elementor-widget-text-editor\" data-id=\"3e8ecd7\" data-element_type=\"widget\" data-widget_type=\"text-editor.default\">\n\t\t\t\t<div class=\"elementor-widget-container\">\n\t\t\t\t\t\t\t<p>Individuell &amp; kl\u00e4rend<br \/><br \/>Im Coaching unterst\u00fctzen wir Einzelpersonen und Familien dabei, die eigene Situation einzuordnen, pers\u00f6nliche Absicherungsbed\u00fcrfnisse zu reflektieren und sich gezielt aauf weitere Entscheidungen oder Gespr\u00e4che vorzubereiten.\u00a0<br \/><br \/>Geeignet f\u00fcr: Privatpersonen, Unternehmer:innen, F\u00fchrungskr\u00e4fte<\/p>\t\t\t\t\t\t<\/div>\n\t\t\t\t<\/div>\n\t\t\t\t<\/div>\n\t\t\t\t\t<\/div>\n\t\t\t\t<\/div>\n\t\t<div class=\"elementor-element elementor-element-c28b5d0 e-flex e-con-boxed e-con e-parent\" data-id=\"c28b5d0\" data-element_type=\"container\">\n\t\t\t\t\t<div class=\"e-con-inner\">\n\t\t\t\t<div class=\"elementor-element elementor-element-0d849a2 elementor-widget elementor-widget-text-editor\" data-id=\"0d849a2\" data-element_type=\"widget\" data-widget_type=\"text-editor.default\">\n\t\t\t\t<div class=\"elementor-widget-container\">\n\t\t\t\t\t\t\t<p><strong>Hinweis zur Abgrenzung:<\/strong> <br \/>Unsere Workshops und Coachings dienen der Orientierung, Reflexion und Vorbereitung.<br \/>Sie ersetzen keine Versicherungs- oder Finanzberatung, sondern schaffen die Grundlage f\u00fcr informierte, selbstbestimmte Entscheidungen.\u00a0<\/p>\t\t\t\t\t\t<\/div>\n\t\t\t\t<\/div>\n\t\t\t\t\t<\/div>\n\t\t\t\t<\/div>\n\t\t<div class=\"elementor-element elementor-element-4ab0fb3 e-flex e-con-boxed e-con e-parent\" data-id=\"4ab0fb3\" data-element_type=\"container\">\n\t\t\t\t\t<div class=\"e-con-inner\">\n\t\t\t\t<div class=\"elementor-element elementor-element-1786920 elementor-widget elementor-widget-text-editor\" data-id=\"1786920\" data-element_type=\"widget\" data-widget_type=\"text-editor.default\">\n\t\t\t\t<div class=\"elementor-widget-container\">\n\t\t\t\t\t\t\t<p><strong>Ihr habt Fragen oder m\u00f6chtet mehr \u00fcber unsere Workshps erfahren?<\/strong><br \/>Wir freuen uns mit euch in den Austausch zu kommen und kl\u00e4ren gemeinsam welches Format zu euch passt.\u00a0<br \/>Schreibt uns:<\/p><p><a href=\"mailto:info@im-kerngesund.de\">info@im-kerngesund.de\u00a0<\/a><\/p>\t\t\t\t\t\t<\/div>\n\t\t\t\t<\/div>\n\t\t\t\t\t<\/div>\n\t\t\t\t<\/div>\n\t\t\t\t<\/div>\n\t\t","protected":false},"excerpt":{"rendered":"<p>Workshops Absicherung ist nicht nur ein Produkt &#8211; sondern ein Prozess.\u00a0 Unsere Workshops setzen dort an, wo Absicherung unbewusst wirkt: bei Haltung, Pr\u00e4gung und inneren Entscheidungsprozessen.\u00a0 Wir machen mit euch Glaubens\u00e4tze sichtbar, ordnen Auswirkungen ein und schaffen Orientierung f\u00fcr einen bewussteren Umgang mit Absicherung- individuell, famili\u00e4r und im beruflichen Kontext.\u00a0 Unternehmen, Netzwerke und Organisationen profitieren [&hellip;]<\/p>\n","protected":false},"author":1,"featured_media":0,"parent":0,"menu_order":0,"comment_status":"closed","ping_status":"closed","template":"","meta":{"rank_math_lock_modified_date":false,"footnotes":""},"class_list":["post-1219","page","type-page","status-publish","hentry","entry"],"_links":{"self":[{"href":"https:\/\/www.im-kerngesund.de\/index.php\/wp-json\/wp\/v2\/pages\/1219","targetHints":{"allow":["GET"]}}],"collection":[{"href":"https:\/\/www.im-kerngesund.de\/index.php\/wp-json\/wp\/v2\/pages"}],"about":[{"href":"https:\/\/www.im-kerngesund.de\/index.php\/wp-json\/wp\/v2\/types\/page"}],"author":[{"embeddable":true,"href":"https:\/\/www.im-kerngesund.de\/index.php\/wp-json\/wp\/v2\/users\/1"}],"replies":[{"embeddable":true,"href":"https:\/\/www.im-kerngesund.de\/index.php\/wp-json\/wp\/v2\/comments?post=1219"}],"version-history":[{"count":64,"href":"https:\/\/www.im-kerngesund.de\/index.php\/wp-json\/wp\/v2\/pages\/1219\/revisions"}],"predecessor-version":[{"id":1397,"href":"https:\/\/www.im-kerngesund.de\/index.php\/wp-json\/wp\/v2\/pages\/1219\/revisions\/1397"}],"wp:attachment":[{"href":"https:\/\/www.im-kerngesund.de\/index.php\/wp-json\/wp\/v2\/media?parent=1219"}],"curies":[{"name":"wp","href":"https:\/\/api.w.org\/{rel}","templated":true}]}}